. Let k = -744 - n. Give z(k).
-1
Let u(t) be the second derivative of 2/3*t**3 - 7/2*t**2 - 1/20*t**5 - 1/3*t**4 + 0 + 77*t. Give u(-5).
-2
Let s be 2/7 + (-60)/(-35). Suppose 5*d - 2*f = 8 + 20, 0 = -d - s*f - 4. Let o(h) = 2*h + 238314*h**3 - 238315*h**3 + 0*h**2 + 4*h**2 - 6. What is o(d)?
2
Let a(y) = -y**2 + 60*y + 681. Let v be a(-10). Let f(m) = m**2 + 22*m - 7. What is f(v)?
-64
Let m(q) = -11*q**2 + 5*q - 50. Let y(n) = -12*n**2 + 5*n - 63. Let p(k) = -5*m(k) + 4*y(k). Give p(-3).
76
Let m(y) = -y. Let h = -86 - -122. Suppose -4*g - 64 = -h. What is m(g)?
7
Let a(c) = 3*c + 20. Let z be a(-5). Suppose -o + 2*k + 1 + 11 = 0, o - z*k - 3 = 0. Let h(w) = -o + 23 - 2*w + w. What is h(8)?
-3
Let j(g) = -20*g**2 - g. Let d = 21200 + -21201. Determine j(d).
-19
Let f = -13 - -50. Suppose -f = -20*z + 3. Let s(q) = -3*q**3 + 2*q**2 - 3*q. Determine s(z).
-22
Let u(q) = -1. Let a(b) = -4*b + 2. Let g(k) = a(k) - 3*u(k). Let m be (-8)/(-2 + 8/64*0). Determine g(m).
-11
Let u(b) be the first derivative of -b**3/3 + 6*b + 5. Let j(p) = -9*p - 7. Let n be j(-1). Suppose 5*t = n*t + t. Give u(t).
6
Let h(j) = -63*j + 2. Let y(c) = -333*c + 9. Let u(x) = 11*h(x) - 2*y(x). Determine u(3).
-77
Let o(l) = -17541*l**2 - 17484*l**2 + 35026*l**2. Let j = -6 - -14. Suppose f + j = -3*f. Calculate o(f).
4
Let b(o) = -5*o + 1. Let r(u) = -4*u + 1. Let f(j) = 5*b(j) - 6*r(j). Let x = -52 + 52. Suppose x = 5*z + 31 - 26. Give f(z).
0
Let v(l) be the second derivative of -l**4/12 + 19*l**3/6 - 31*l**2 + 3*l - 66. Calculate v(15).
-2
Let x(w) = w + 6. Suppose -3*o = 4*a - 94, 16 = 3*a + a. Let q be (-4)/6 + o/(-6). Let f = q + -1. What is x(f)?
0
Let q = -63 - -68. Let z(x) = -4940*x - q*x**2 + 4940*x - 7*x**2. Calculate z(1).
-12
Suppose -25*v - 458 = -558. Let w(n) be the third derivative of -1/8*n**v - 1/30*n**5 - 4*n**2 + 0*n - 1/6*n**3 + 0. What is w(-2)?
-3
Let z(n) = -2*n**2 + 26*n. Let t(w) = -9*w**2 + 129*w - 73. Let a(r) = -t(r) + 4*z(r). Determine a(22).
7
Let f(s) = 16*s**2 - 19*s - 27. Let m(n) = -13*n**2 + 18*n + 25. Let i(k) = 5*f(k) + 6*m(k). Calculate i(-11).
114
Let g be (-25 - (-20)/2) + 17. Let p(k) = -12*k**2 + 3*k - 5. Give p(g).
-47
Let l = 23 + -28. Let y be 3 - l/(10/14). Let s be (-9)/36 + y/8. Let d(q) = 13*q**3 - q**2. What is d(s)?
12
Let x be (-6)/6 + -7 - 0*(-1)/12. Let j(a) = 3*a**2 + 0*a**2 - 4*a**2 + 7 - 11*a. Give j(x).
31
Let l(y) = -y**3 - 3*y**2 + 5*y + 5. Let m(o) = -3*o**2 + 60*o + 58. Let v be m(21). What is l(v)?
30
Let a = 419 - 412. Let l(v) = a*v**3 - 3*v + 9*v**3 - 22*v**3 + 7*v**3 - 10 + 4*v - 10*v**2. Calculate l(10).
0
Let h(l) = -13*l**3 - 2*l. Let q(d) = -69*d**3 - 2*d**2 - 9*d - 1. Let o(m) = -5*h(m) + q(m). Let x be (4/10)/(4/20). Give o(x).
-39
Let o(z) = -2*z + 0*z - 5 + 8. Let r be 3/(7/(175/240) + -9). What is o(r)?
-7
Let x(w) be the third derivative of -w**5/60 + 3*w**4/8 + 5*w**3/6 - 4150*w**2. What is x(9)?
5
Let d(p) = -257*p - 2302. Let l be d(-9). Let m(a) = 47*a - 518. What is m(l)?
-1
Let n(k) = -664*k - 599*k + 1290*k - 3. Determine n(-3).
-84
Let f be 1708/6 + -1 + 1/3. Let v be (-6)/4*-1*f/(-142). Let k(u) = u**3 + 7*u**2 + 4*u + 1. What is k(v)?
25
Suppose -1453 = 18*i - 2731. Let r(w) = -6*w + 427. What is r(i)?
1
Suppose -139 = 2*t - 2*d - 145, 0 = -2*t + 5*d + 3. Let g(p) be the first derivative of 1/2*p**t - 2/3*p**3 - 28 - 3/2*p**2 + 2*p. What is g(2)?
4
Suppose -23 + 8 = -2107*r + 2102*r. Let z(y) = -y**2 - y + 2. Calculate z(r).
-10
Let p = 172718 + -172729. Let t(w) = -w - 14. Let k(h) = -h - 14. Let z(s) = 6*k(s) - 5*t(s). Give z(p).
-3
Let y(i) = 0*i**2 + 2 - i**2 + 6 + 9*i. Suppose -199 = -46*m + 261. Determine y(m).
-2
Let c be 1485/297 + (4/2)/((-1)/7). Let i(f) = 2*f**2 + 14*f - 29. Give i(c).
7
Suppose -29*p + 16*p = -5*p + 32. Let g(z) = 4 + 2*z + 2*z - 5 - 2. What is g(p)?
-19
Let t(v) = -v**3 - 15*v**2 - 18*v - 262. Let p be t(-15). Let a(i) = 8*i - 66. Give a(p).
-2
Let f = 179 - 172. Let p(r) = r - 32 + 31 + 2*r**2 - f*r**2. Calculate p(1).
-5
Suppose -77*n + 32*n = -1317*n + 7632. Let y(t) = -7*t - 1. Let a(c) = 13*c + 1. Let j(f) = -6*a(f) - 11*y(f). Give j(n).
-1
Let g(k) be the first derivative of 212 - 2/3*k**3 - 3*k - 5/2*k**2. Determine g(-3).
-6
Suppose 12*f - 27 = 15*f. Let b(z) = 3*z + 27. Let y be b(f). Let g(w) = w**3 + w + 1. Let s(h) = -7*h**3 - 5*h - 7. Let t(x) = 6*g(x) + s(x). Give t(y).
-1
Let v(w) = -4 + w**3 - 5 + 1 - 7*w + 6*w**2. Suppose -2 = -u - 4, 4*g + 4*u - 4 = 0. Suppose o + 0*a + 5*a = -22, 4*a + 33 = -g*o. Give v(o).
-8
Let h(v) = -5*v**3 + 17*v**2 - 41*v - 2. Let x(i) = 11*i**3 - 36*i**2 + 90*i + 5. Let m(w) = 9*h(w) + 4*x(w). Calculate m(8).
-6
Let g(j) be the second derivative of j**6/360 - j**5/24 - 11*j**4/2 - 21*j. Let h(p) be the third derivative of g(p). What is h(5)?
5
Let a = -1397 - -1397. Let k(g) be the second derivative of -1/3*g**3 + 1/6*g**4 - 5*g + 1/20*g**5 + 0 + a*g**2. Calculate k(-2).
4
Let x(h) = h**2 - 16*h - 113. Suppose 11*i + 24*i + 175 = 0. Calculate x(i).
-8
Let k(l) = -37*l**2 - 34*l + 95. Let o(t) = 20*t**2 + 18*t - 51. Let p(z) = -6*k(z) - 11*o(z). What is p(3)?
27
Let f(h) = h**2 + 24*h + 103. Suppose 0 = -110*q + 253 - 1463. Give f(q).
-40
Let h(o) = -2*o**3 - 16*o**2 + 2*o + 17. Let c be h(-8). Suppose 7*k - 22 = -c. Let i(j) = -8*j - 4. Determine i(k).
-28
Suppose -80*d + 85*d = 10. Let n(x) = -d*x**3 - 3*x + 7*x**3 + 8 - 6*x**3 + 5*x**2. Let p(g) = -g**3 + 5*g**2 - 3*g + 7. Let j(f) = -2*n(f) + 3*p(f). Give j(4).
9
Let u(j) = j**2 + 4*j - 3. Let d(c) be the first derivative of c**4/4 + 2*c**3/3 - 7*c**2/2 + 8*c - 87. Let q be d(-4). Give u(q).
29
Let j(h) = 12*h**2 + 126*h + 30. Let n(o) = 3*o**2 + 29*o + 7. Let y(v) = 2*j(v) - 9*n(v). What is y(-3)?
-3
Let r(y) be the third derivative of y**5/60 + 3*y**4/8 + 5*y**3/6 + 846*y**2. Let u = 23 - 29. Give r(u).
-13
Let w(h) be the third derivative of -h**6/120 + 11*h**5/60 - 5*h**4/12 + 4*h**3/3 - 2*h**2 + 17*h. Suppose -r + 22 = -18. Suppose -5*d + r = -d. Calculate w(d).
8
Suppose 3*z - 2*a = 946, 2*z - 616 = 7*a - 2*a. Let b = 311 - z. Let y(j) = -j - 3. Determine y(b).
4
Let f(q) be the second derivative of -q**5/20 - 7*q**4/12 - 7*q**3/3 - 7*q**2 + 3519*q. Determine f(-5).
6
Let j be -10*-2*(-8 - -1 - (-432)/64). Let p(q) = -3*q - 3 + 0*q + 0*q**2 - q**2. What is p(j)?
-13
Let n(m) = -2*m**2 - 7*m - 1. Let r(v) be the second derivative of -v**4/12 - v**3/2 - 2*v + 19. Let k(j) = 3*n(j) - 5*r(j). Calculate k(-4).
5
Let x(b) = b - 1. Let r(z) = 2*z. Let y(k) = -r(k) + 4*x(k). Let m(f) = 3*f - 9. Let j be ((-3)/6)/((-7)/(-42)). Let q(g) = j*m(g) + 5*y(g). Give q(-6).
1
Let d = -902 + 912. Let c(g) = g**2 - 5*g - 14. Determine c(d).
36
Let j(w) be the second derivative of -2/3*w**3 + 0 + 1/12*w**4 + 1/2*w**2 + 70*w. Suppose -15 = -4*v + 1. Determine j(v).
1
Let y be (2 - (-16)/(-9)) + (-32)/(-18). Let x be -213*(8/y - 176/48). Let u = -68 - x. Let d(p) = 3*p - 1. Determine d(u).
8
Let t(d) = d**3 + 10*d**2 + 24*d + 2. Let o be t(-6). Let h(u) = u**3 - 16*u + 2*u**2 + 5*u**o + 23*u - 2. Give h(-5).
13
Let x(p) = p**2 - 2*p - 45. Let j be 801/(-356) + (-82)/(-8). Calculate x(j).
3
Suppose -5*v + 2*c + 30 = 0, -5 = 3*c - 4*c. Let b be (1 + -1 - -8)*v/32. Let p(w) = 2*w**2 - 3*w + 3. Determine p(b).
5
Let f(w) = -22 + 18 - 3*w**2 - 18*w + 2*w**2 + 27 + 25. What is f(-18)?
48
Let v(n) = -n**2 - 6*n - 1. Let d be v(-6). Let w(t) = -1 + 607*t - 189*t - 218*t - 197*t. Determine w(d).
-4
Suppose 32*b - 1 = 33*b + s, 3*b - 3*s = 15. Let l(o) be the second derivative of b*o**2 + 0 - 18*o + 1/6*o**3. Give l(-7).
-3
Let g(o) be the first derivative of -o**4/4 - 4*o**3/3 - 3*o**2 - 5*o + 218. Let f(c) = c**3 + 6*c**2 + 7*c + 6. Let i(u) = -4*f(u) - 5*g(u). Give i(3).
-2
Let b(i) = 2*i**2 - 8*i - 16. Let k be (-2)/(-1 + 35/49). What is b(k)?
26
Let r be ((-36)/(-16) + -3)/((-18)/72). Let q(d) = -d**2 + d - 1 - d**2 + 0*d**2. Give q(r).
-16
Suppose 5*j = 2*v - 43 + 103, 0 = v. Let z(h) = -h**3 + 10*h**2 + 26*h - 8. Determine z(j).
16
Let j(k) = k + 2. Suppose 5*l + 76 = 16. Let s = l - -17. Let h be j(s). Let f(b) = -b**3 + 8*b**2 - 5*b - 3. Determine f(h).
11
Let v(l) = l**2 + 18*l - 54. Let f be v(-22). Let m = 40 - f. Let y(q) = -3 - q + q + q**2 - 4*q + m. Give y(5).
